{"id":284,"date":"2024-07-21T09:14:48","date_gmt":"2024-07-21T09:14:48","guid":{"rendered":"http:\/\/guvencehd.org.tr\/2\/?page_id=284"},"modified":"2024-12-03T19:43:10","modified_gmt":"2024-12-03T19:43:10","slug":"surdurulebilirlik-raporlamasi-ve-surdurulebilirlik-denetimi-calisma-ekibi","status":"publish","type":"page","link":"http:\/\/guvencehd.org.tr\/2\/surdurulebilirlik-raporlamasi-ve-surdurulebilirlik-denetimi-calisma-ekibi\/","title":{"rendered":"S\u00fcrd\u00fcr\u00fclebilirlik Raporlamas\u0131 ve S\u00fcrd\u00fcr\u00fclebilirlik Denetimi \u00c7al\u0131\u015fma Ekibi"},"content":{"rendered":"\t\t<div data-elementor-type=\"wp-page\" data-elementor-id=\"284\" class=\"elementor elementor-284\">\n\t\t\t\t<div class=\"elementor-element elementor-element-d07994f e-flex e-con-boxed e-con e-parent\" data-id=\"d07994f\" data-element_type=\"container\" data-e-type=\"container\">\n\t\t\t\t\t<div class=\"e-con-inner\">\n\t\t<div class=\"elementor-element elementor-element-5747723 e-con-full e-flex e-con e-child\" data-id=\"5747723\" data-element_type=\"container\" data-e-type=\"container\">\n\t\t\t\t<div class=\"elementor-element elementor-element-913ca0d elementor-widget elementor-widget-image\" data-id=\"913ca0d\" data-element_type=\"widget\" data-e-type=\"widget\" data-widget_type=\"image.default\">\n\t\t\t\t<div class=\"elementor-widget-container\">\n\t\t\t\t\t\t\t\t\t\t\t\t\t\t\t<img fetchpriority=\"high\" decoding=\"async\" width=\"687\" height=\"1024\" src=\"http:\/\/guvencehd.org.tr\/2\/wp-content\/uploads\/2024\/12\/on-siparis-kurumsal-surdurulebilirlik-raporlama-uzmanligi-ksru-surdurulebilir-guvence-denetciligi-cozumlu-soru-bankasi-43560199-sw395sh589-687x1024.webp\" class=\"attachment-large size-large wp-image-319\" alt=\"\" srcset=\"http:\/\/guvencehd.org.tr\/2\/wp-content\/uploads\/2024\/12\/on-siparis-kurumsal-surdurulebilirlik-raporlama-uzmanligi-ksru-surdurulebilir-guvence-denetciligi-cozumlu-soru-bankasi-43560199-sw395sh589-687x1024.webp 687w, http:\/\/guvencehd.org.tr\/2\/wp-content\/uploads\/2024\/12\/on-siparis-kurumsal-surdurulebilirlik-raporlama-uzmanligi-ksru-surdurulebilir-guvence-denetciligi-cozumlu-soru-bankasi-43560199-sw395sh589-201x300.webp 201w, http:\/\/guvencehd.org.tr\/2\/wp-content\/uploads\/2024\/12\/on-siparis-kurumsal-surdurulebilirlik-raporlama-uzmanligi-ksru-surdurulebilir-guvence-denetciligi-cozumlu-soru-bankasi-43560199-sw395sh589-768x1145.webp 768w, http:\/\/guvencehd.org.tr\/2\/wp-content\/uploads\/2024\/12\/on-siparis-kurumsal-surdurulebilirlik-raporlama-uzmanligi-ksru-surdurulebilir-guvence-denetciligi-cozumlu-soru-bankasi-43560199-sw395sh589.webp 1024w\" sizes=\"(max-width: 687px) 100vw, 687px\" \/>\t\t\t\t\t\t\t\t\t\t\t\t\t\t\t<\/div>\n\t\t\t\t<\/div>\n\t\t\t\t<\/div>\n\t\t<div class=\"elementor-element elementor-element-18ec539 e-con-full e-flex e-con e-child\" data-id=\"18ec539\" data-element_type=\"container\" data-e-type=\"container\">\n\t\t\t\t<div class=\"elementor-element elementor-element-46035da elementor-widget elementor-widget-text-editor\" data-id=\"46035da\" data-element_type=\"widget\" data-e-type=\"widget\" data-widget_type=\"text-editor.default\">\n\t\t\t\t<div class=\"elementor-widget-container\">\n\t\t\t\t\t\t\t\t\t<p><span class=\"break-words tvm-parent-container\"><span dir=\"ltr\">Prof. Dr. Fevzi Serkan \u00d6ZDEM\u0130R ve Prof. Dr. Ganite KURT edit\u00f6rl\u00fc\u011f\u00fcnde bir ba\u015fucu kitab\u0131.<\/span><\/span><\/p><p>Kurumsal S\u00fcrd\u00fcr\u00fclebilirlik Raporlama Uzmanl\u0131\u011f\u0131 (KSRU) &amp; S\u00fcrd\u00fcr\u00fclebilir G\u00fcvence Denet\u00e7ili\u011fi \u00c7\u00f6z\u00fcml\u00fc Soru Bankas\u0131<\/p><div class=\"nitelikler product-pages-attrs\"><ul><li>Bas\u0131m Y\u0131l\u0131: <span class=\"value\">2024<\/span><\/li><li>Bask\u0131 Say\u0131s\u0131: <span class=\"value\">1. Bask\u0131<\/span><\/li><li>Bask\u0131 Y\u0131l\u0131: <span class=\"value\">A\u011fustos, 2024<\/span><\/li><li>Boyut: <span class=\"value\">16&#215;24<\/span><\/li><li>Dil: <span class=\"value\">T\u00fcrk\u00e7e<\/span><\/li><li>Edit\u00f6rler: <span class=\"value\">Prof. Dr. Fevzi Serkan \u00d6ZDEM\u0130R, Prof. Dr. Ganite KURT<\/span><\/li><li>Sayfa Say\u0131s\u0131: <span class=\"value\">337<\/span><\/li><li>Yazarlar: <span class=\"value\">Ahmet ALTIN<\/span> , <span class=\"value\">E<\/span><a href=\"https:\/\/www.gazikitabevi.com.tr\/elif-karakas\"><span class=\"value\">l<\/span><\/a><span class=\"value\">i<\/span><span class=\"value\">f KARAKA\u015e<\/span> , <span class=\"value\">Fatih KONAK<\/span> , <span class=\"value\">Fevzi Serkan \u00d6ZDEM\u0130R<\/span>, <span class=\"value\">H\u00fcseyin TEM\u0130Z<\/span>, <span class=\"value\">\u0130smail Hakk\u0131 \u00dcNAL<\/span>, <span class=\"value\">O\u011fuz Yusuf ATASEL<\/span>, <span class=\"value\">Yasin \u015eEKER<\/span><\/li><\/ul><\/div><p>Ayr\u0131nt\u0131l\u0131 bilgi ve sipari\u015f i\u00e7in <a href=\"https:\/\/www.gazikitabevi.com.tr\/kurumsal-surdurulebilirlik-raporlama-uzmanligi-ksru-surdurulebilir-guvence-denetciligi-cozumlu-soru-bankasi\">www.gazikitabevi.com.tr<\/a><\/p><p>\u00a0<\/p>\t\t\t\t\t\t\t\t<\/div>\n\t\t\t\t<\/div>\n\t\t\t\t<\/div>\n\t\t\t\t\t<\/div>\n\t\t\t\t<\/div>\n\t\t\t\t<\/div>\n\t\t","protected":false},"excerpt":{"rendered":"<p>Prof. Dr. Fevzi Serkan \u00d6ZDEM\u0130R ve Prof. Dr. Ganite KURT edit\u00f6rl\u00fc\u011f\u00fcnde bir ba\u015fucu kitab\u0131. Kurumsal S\u00fcrd\u00fcr\u00fclebilirlik Raporlama Uzmanl\u0131\u011f\u0131 (KSRU) &amp; S\u00fcrd\u00fcr\u00fclebilir G\u00fcvence Denet\u00e7ili\u011fi \u00c7\u00f6z\u00fcml\u00fc Soru&hellip;<\/p>\n","protected":false},"author":1,"featured_media":0,"parent":0,"menu_order":0,"comment_status":"closed","ping_status":"closed","template":"","meta":{"footnotes":""},"class_list":["post-284","page","type-page","status-publish","hentry"],"_links":{"self":[{"href":"http:\/\/guvencehd.org.tr\/2\/wp-json\/wp\/v2\/pages\/284","targetHints":{"allow":["GET"]}}],"collection":[{"href":"http:\/\/guvencehd.org.tr\/2\/wp-json\/wp\/v2\/pages"}],"about":[{"href":"http:\/\/guvencehd.org.tr\/2\/wp-json\/wp\/v2\/types\/page"}],"author":[{"embeddable":true,"href":"http:\/\/guvencehd.org.tr\/2\/wp-json\/wp\/v2\/users\/1"}],"replies":[{"embeddable":true,"href":"http:\/\/guvencehd.org.tr\/2\/wp-json\/wp\/v2\/comments?post=284"}],"version-history":[{"count":10,"href":"http:\/\/guvencehd.org.tr\/2\/wp-json\/wp\/v2\/pages\/284\/revisions"}],"predecessor-version":[{"id":340,"href":"http:\/\/guvencehd.org.tr\/2\/wp-json\/wp\/v2\/pages\/284\/revisions\/340"}],"wp:attachment":[{"href":"http:\/\/guvencehd.org.tr\/2\/wp-json\/wp\/v2\/media?parent=284"}],"curies":[{"name":"wp","href":"https:\/\/api.w.org\/{rel}","templated":true}]}}